te?
False
Is 4189 prime?
False
Is 5411 a composite number?
True
Is 10133 a composite number?
False
Is 1409 a composite number?
False
Is 450143 prime?
False
Is 24281 a composite number?
False
Is 12571 a prime number?
False
Is 24782 composite?
True
Is 144331 a composite number?
True
Is 1751741 prime?
True
Is 6707629 composite?
False
Is 31589 a composite number?
True
Is 41681 prime?
True
Is 60209 a composite number?
False
Is 27273 prime?
False
Is 75079 a prime number?
True
Is 17827 prime?
True
Is 51341 prime?
True
Is 4783 a prime number?
True
Is 55801 composite?
True
Is 353183 a prime number?
False
Is 62039 a prime number?
True
Is 61951 a composite number?
True
Is 2761 a prime number?
False
Is 54631 composite?
False
Is 108497 a composite number?
False
Is 4117 prime?
False
Is 14969 prime?
True
Is 233069 a prime number?
True
Is 237 prime?
False
Is 334715 a composite number?
True
Is 4442 composite?
True
Is 38635 a prime number?
False
Is 5129 a composite number?
True
Is 22307 a composite number?
False
Is 4411445 a prime number?
False
Is 11437 prime?
True
Is 40867 a composite number?
False
Is 299171 a prime number?
True
Is 859457 a composite number?
True
Is 89729 composite?
True
Is 60153 a prime number?
False
Is 740099 prime?
True
Is 6733 a prime number?
True
Is 690323 composite?
False
Is 8781 prime?
False
Is 3127 a prime number?
False
Is 314603 prime?
True
Is 114467 composite?
False
Is 9599 prime?
False
Is 10723 prime?
True
Is 26914 composite?
True
Is 14141 a prime number?
False
Is 90499 composite?
False
Is 501035 a prime number?
False
Is 224357 composite?
True
Is 1480331 prime?
True
Is 90327 a composite number?
True
Is 3793 a composite number?
False
Is 1543 composite?
False
Is 250169 prime?
True
Is 205007 prime?
False
Is 2899 composite?
True
Is 17509 prime?
True
Is 2103 a composite number?
True
Is 21961 composite?
False
Is 267 composite?
True
Is 8263 a prime number?
True
Is 9733 prime?
True
Is 226421 composite?
True
Is 10499 a composite number?
False
Is 220161 a prime number?
False
Is 25523 a composite number?
False
Is 55745 a prime number?
False
Is 23089 a composite number?
True
Is 3661343 composite?
True
Is 9649 a composite number?
False
Is 6901 composite?
True
Is 40801 prime?
True
Is 375967 a prime number?
True
Is 301369 composite?
True
Is 4392833 prime?
False
Is 233347 a composite number?
False
Is 3083 composite?
False
Is 2264087 prime?
False
Is 108821 prime?
True
Is 1026863 a composite number?
True
Is 6773 a composite number?
True
Is 640797 a composite number?
True
Is 678277 a prime number?
False
Is 51619 a prime number?
False
Is 3551 a composite number?
True
Is 42013 a prime number?
True
Is 11539 a composite number?
True
Is 89841 a composite number?
True
Is 413 prime?
False
Is 3757997 a prime number?
False
Is 437699 prime?
False
Is 88369 a composite number?
True
Is 73009 composite?
False
Is 1521731 prime?
True
Is 393133 composite?
True
Is 21695 a composite number?
True
Is 274147 composite?
False
Is 17042 a prime number?
False
Is 277367 a prime number?
False
Is 28559 a composite number?
False
Is 91621 prime?
True
Is 8663 a prime number?
True
Is 794 prime?
False
Is 13397935 prime?
False
Is 66329 prime?
False
Is 97073 composite?
False
Is 32749 a prime number?
True
Is 49099 prime?
False
Is 369463 composite?
True
Is 87751 prime?
True
Is 7283 a composite number?
False
Is 62819 a prime number?
True
Is 12443 prime?
False
Is 13367 a prime number?
True
Is 396187 prime?
False
Is 677 composite?
False
Is 63451 prime?
False
Is 8603 prime?
False
Is 77317 prime?
True
Is 257539 composite?
False
Is 242747 composite?
False
Is 2579 a composite number?
False
Is 4837367 composite?
True
Is 16669 prime?
False
Is 9487 a composite number?
True
Is 9307 prime?
False
Is 160649 composite?
False
Is 5557 a prime number?
True
Is 4037 prime?
False
Is 81881 composite?
True
Is 178753 composite?
False
Is 70715 a composite number?
True
Is 12893 a prime number?
True
Is 1517 a composite number?
True
Is 195271 a composite number?
False
Is 75913 a prime number?
True
Is 6313 a composite number?
True
Is 48973 a composite number?
False
Is 90659 prime?
True
Is 162971 a prime number?
True
Is 4569 a prime number?
False
Is 28019 a prime number?
True
Is 904987 prime?
True
Is 35419 composite?
False
Is 74131 prime?
True
Is 1219 a composite number?
True
Is 82083 a composite number?
True
Is 76871 a composite number?
False
Is 52163 a prime number?
True
Is 3140337 a prime number?
False
Is 1839 a prime number?
False
Is 229873 composite?
True
Is 44909 a composite number?
False
Is 917 prime?
False
Is 26027 a composite number?
True
Is 2215445 a composite number?
True
Is 61129 a prime number?
True
Is 2503 composite?
False
Is 89227 a composite number?
False
Is 54707 prime?
False
Is 61093 a prime number?
False
Is 27137 a composite number?
True
Is 59141 prime?
True
Is 28711 composite?
False
Is 1255 prime?
False
Is 19777 a composite number?
False
Is 40877 composite?
True
Is 600551 a composite number?
True
Is 106487 a composite number?
False
Is 201653 composite?
False
Is 5953 a prime number?
True
Is 1926149 prime?
True
Is 129263 a prime number?
True
Is 74371 a prime number?
False
Is 8353 composite?
False
Is 1604917 a prime number?
False
Is 478627 a composite number?
False
Is 19931 a composite number?
True
Is 64367 prime?
False
Is 856169 composite?
False
Is 74663 a composite number?
True
Is 33313 composite?
True
Is 13249 composite?
False
Is 104399 composite?
False
Is 56302 a composite number?
True
Is 56117 composite?
True
Is 4299869 a composite number?
True
Is 33049 prime?
True
Is 264977 prime?
True
Is 49223 a prime number?
True
Is 1969381 prime?
True
Is 5813 a prime number?
True
Is 90353 prime?
True
Is 617983 a prime number?
True
Is 22285 a composite number?
True
Is 144659 a composite number?
False
Is 1943 composite?
True
Is 426562 a prime number?
False
Is 1033913 prime?
False
Is 16603 a prime number?
True
Is 31307 a prime number?
True
Is 23399 composite?
False
Is 18431 a composite number?
True
Is 5263 a prime number?
False
Is 383273 prime?
False
Is 256127 a prime number?
False
Is 1031 a prime number?
True
Is 78397 a composite number?
True
Is 4559 a prime number?
False
Is 157397 composite?
True
Is 11699 a prime number?
True
Is 167074 a prime number?
False
Is 1217397 a composite number?
True
Is 6383 composite?
True
Is 6295 a prime number?
False
Is 303997 prime?
True
Is 39499 composite?
False
Is 6469 a composite number?
False
Is 8021 composite?
True
Is 648965 composite?
True
Is 4333129 a prime number?
True
Is 265919 a composite number?
True
Is 24317 a prime number?
True
Is 49597 prime?
True
Is 44929 prime?
False
Is 46393 composite?
True
Is 86782 a composite number?
True
Is 1494143 composite?
True
Is 1601359 prime?
True
Is 39493 prime?
False
Is 901 composite?
True
Is 7495 prime?
False
Is 946223 composite?
False
Is 297757 prime?
True
Is 1847 composite?
False
Is 2531 a composite number?
False
Is 8843 a prime number?
False
Is 271231 prime?
True
Is 25561 prime?
True
Is 33917 a composite number?
True
Is 9173 prime?
True
Is 28151 composite?
False
Is 903607 a prime number?
True
Is 10939 composite?
False
Is 49559 composite?
False
Is 104009 composite?
False
Is 26539 prime?
True
Is 1178251 a prime number?
False
Is 59141 prime?
True
Is 25682 composite?
True
Is 98179 prime?
True
Is 259853 prime?
False
Is 1439 prime?
True
Is 180949 composite?
False
Is 13537 a composite number?
False
Is 9627 prime?
False
Is 29321 a prime number?
False
Is 52483 composite?
True
Is 307949 prime?
False
Is 1781 a composite number?
True
Is 321753 prime?
False
Is 6521 a prime number?
True
Is 2987 a prime number?
False
Is 83383 a composite number?
False
Is 19841 a prime number?
True
Is 12007 prime?
True
Is 102247 a prime number?
False
Is 16081 a prime number?
False
Is 3953 a prime number?
False
Is 7773 a composite number?
True
Is 84122 a composite number?
True
Is 72487 composite?
True
Is 19523 a prime number?
False
Is 6899 a composite number?
False
Is 39733 composite?
False
Is 207157 composite?
True
Is 174443 prime?
True
Is 20143 a composite number?
False
Is 9043 a composite number?
False
Is 1949 composite?
False
Is 3511 a composite number?
False
Is 272603 composite?
False
Is 5197 a prime number?
True
Is 3863 a composite number?
False
Is 12517 